= -6450 - -10991. What are the prime factors of f?
19, 239
Suppose 40565 = 7*t + 12*n - 7*n, 4*t - 23180 = 3*n. List the prime factors of t.
5, 19, 61
Let t(b) = -b**2 + 55*b - 37. Let y be 10/((-100)/(-15)) - (-79)/2. List the prime factors of t(y).
3, 179
Let p(f) = 3*f**2 - 5*f + 5. Suppose 4*c + 48 = 12*c. Let l = 13 - c. List the prime factors of p(l).
3, 13
Suppose -42*o + 42196 + 67718 = 0. What are the prime factors of o?
2617
Let r(m) = m**3 - 8*m**2 - 8*m - 9. Let f be r(9). Suppose -685 = 5*p - 3*j + 555, p + 4*j + 248 = f. Let w = p - -348. List the prime factors of w.
2, 5
Let h(m) = m**3 - 5*m**2 - 6*m + 15. Let l be h(6). Let i(q) = -6 + 49 - l - 5*q. List the prime factors of i(-22).
2, 3, 23
Suppose 0 = -3*f + s - 1475, s - 614 - 1351 = 4*f. Let h = f - -1083. What are the prime factors of h?
593
Suppose -5*l - 4*a - 14 = 0, 0 = -l + a - 14 + 4. Let r be (9/l)/((-3)/4). Suppose 2*w = r*k + 2*k + 86, 3*k = 3*w - 132. List the prime factors of w.
3, 5
Let n be -6 + 0 + 4 - 4/(-1). Suppose n*g = 4*a + 7*g - 1470, g - 368 = -a. Let j = 603 - a. What are the prime factors of j?
233
Suppose -5*i = 4*a - 13, 5*a = -2*i + 4*i + 41. Let r = 9 - a. Suppose r*d - 282 = -0*d. List the prime factors of d.
3, 47
Let i be (233240/(-714))/(1 + (-17)/15). Suppose 7*z = 12*z + 4*p - i, 0 = 2*p. What are the prime factors of z?
2, 5, 7
Let q be 1/((-2)/12)*(-99 + 21). Suppose 476 = 2*k - q. What are the prime factors of k?
2, 59
Let k(u) = -u**3 - 14*u**2 + 19*u + 65. Let z be k(-15). List the prime factors of z + 130/4*30.
2, 5, 7
Suppose -w - 5*z + 41012 = -42735, 4*w + 5*z - 334943 = 0. List the prime factors of w.
2, 11, 173
Let x(g) = -3*g**2 + g - 3. Let o be x(6). Let d = o + 291. Suppose 23*z + d = 26*z. What are the prime factors of z?
2, 31
Let x(a) = a**3 - 3*a**2 - 6*a - 7. Let k be x(5). Suppose -5*d - 2*f = -192, f + 84 = d + d. Let z = k + d. List the prime factors of z.
53
Suppose 1299*s - 114 = 1296*s. Suppose -3*u + 41*n + 4017 = s*n, 6704 = 5*u + 4*n. List the prime factors of u.
2, 5, 67
Let u(y) be the third derivative of -y**6/120 + y**5/10 + y**4/12 + 7*y**3/6 + 19*y**2. Let m be u(8). Let i = m + 211. What are the prime factors of i?
2, 53
Let i(v) = 25*v**3 + 2*v**2 + 3*v + 2. Let y be i(-2). Let q = -31 + y. Let m = -121 - q. List the prime factors of m.
2, 53
Suppose -1162 = 4*l - 7*l + 5*z, 5*z = 4*l - 1541. Suppose 2*j - j + y - l = 0, -5*y = 4*j - 1519. List the prime factors of j.
2, 47
Let i = -114 + 105. Let t(x) = -x**2 - 13*x - 12. What are the prime factors of t(i)?
2, 3
Let j = 48 + -101. Let f = -49 - j. List the prime factors of (12 + 99)/(6/f).
2, 37
Let p(n) = -2*n**3 + 3*n**2 + 17*n + 15. Let h be p(8). Let j = 1172 + h. What are the prime factors of j?
491
Suppose 71*c - 35256 = -33*c. Let b(x) = x**3 + x**2 - x + 503. Let q be b(0). Let h = q - c. What are the prime factors of h?
2, 41
Let s(w) = 2*w**2 + 15*w + 67. Let n be s(-34). Suppose -3*z + 723 = 3*h - 1146, -3*z = -h - n. What are the prime factors of z?
7, 89
Let f(h) be the second derivative of 17*h**4/12 - h**3/3 + 3*h**2/2 + 2*h + 1. List the prime factors of f(-5).
2, 3, 73
Suppose 5*z - 2260 = -q, -938 + 2294 = 3*z + 4*q. Let j = 1940 - 1675. Let r = z - j. List the prime factors of r.
11, 17
Suppose 858 + 5825 = 4*y + 3*s, 5*s + 6707 = 4*y. List the prime factors of y.
7, 239
Let i(u) be the first derivative of u**4/4 + 19*u**3/3 - 15*u**2/2 - 15*u + 29. What are the prime factors of i(-19)?
2, 3, 5
Let n(c) = c**3 + 18*c**2 - 8*c - 36. Let f = 222 - 240. List the prime factors of n(f).
2, 3
Suppose 5*l = v - 5590, 23349 = 5*v + 3*l - 4713. Suppose 14*s - 4*s = v. Let y = -290 + s. What are the prime factors of y?
271
Suppose 57*v - 92915 = 79282. List the prime factors of v.
3, 19, 53
Suppose -5*n + 4*y = -46856, -3*y + 16410 + 11709 = 3*n. List the prime factors of n.
2, 3, 11, 71
Let q = 17 + -13. Let s = -156 - -158. Suppose 20 = -q*m, -3*x - 3*m = s*m - 392. What are the prime factors of x?
139
Let v(z) = 60*z**2 + 6*z + 11. Let y(r) = -r**3 - 2*r**2 + 5*r - 3. Let x be y(0). What are the prime factors of v(x)?
13, 41
Let k(f) be the first derivative of -5*f**5/8 - 11*f**4/24 + 29*f**3/3 + 24. Let j(v) be the third derivative of k(v). List the prime factors of j(-4).
17
Suppose -5*h = 8 - 33. Suppose -1213 = -3*b - h*n, n = -2*n - 3. What are the prime factors of b?
2, 7, 29
What are the prime factors of 27/18*-2 + (-151215)/(-5)?
2, 3, 5, 7
Let k(u) = 484*u**2 - 4*u + 1. What are the prime factors of k(-1)?
3, 163
Let c(j) = -8*j**2 + 1504*j + 22. What are the prime factors of c(29)?
2, 5, 3691
List the prime factors of 20459 - (9 - 126)/(-9).
2, 10223
Let f = -1117 - -4122. List the prime factors of f.
5, 601
Let m = 26908 - 6174. What are the prime factors of m?
2, 7, 1481
Let r(z) = z**3 - 7*z**2 - z + 12. Let y be r(7). Suppose 0 = -4*u + 3*j + 1059, y*u - 2*j - 2*j - 1323 = 0. Suppose 5*h - 2*h = u. List the prime factors of h.
89
Let x = 15132 + 19695. What are the prime factors of x?
3, 13, 19, 47
Let u be (-75)/(-20)*8/6. Suppose 6*l = -u*l + 3520. List the prime factors of l.
2, 5
Suppose 1155*o - 1151*o + 275128 = 4*h, 0 = 4*h + 4*o - 275168. What are the prime factors of h?
3, 7643
Suppose 4*q - 10 = g - 3*g, 3*q + 4*g + 5 = 0. List the prime factors of (-94 - 16)*(1 + (-91)/q).
2, 11, 43
Let y = 44 + -48. Let s(a) = a + 14. Let t be s(y). Suppose t*z = 5*z + 325. List the prime factors of z.
5, 13
Let d(k) = k**3 - 2*k**2 - 6*k + 2. Let r = 64 + -60. Let s be d(r). What are the prime factors of (-24)/1*(-4 - s/(-4))?
2, 3
Let b = -101 - -103. Suppose 0 = -5*a + 3*x + b, -4*a + 2*x = a + 2. Let p = a - -38. List the prime factors of p.
2, 3
Suppose 0 = 157*h - 143*h - 25802. List the prime factors of h.
19, 97
Let p = 120 - 102. Suppose -11*u + p*u - 2709 = 0. List the prime factors of u.
3, 43
Let g(v) = 13*v**2 + 36*v - 34. List the prime factors of g(17).
3, 5, 17
Suppose -4*p - 4*v = -213 - 83, -5*v = p - 78. Suppose -62 - p = -h. List the prime factors of h.
3, 5
Let c(i) be the third derivative of 0 - 2*i**2 + 4/15*i**5 - 5/24*i**4 + 0*i + 0*i**3. What are the prime factors of c(-2)?
2, 37
Let n(b) = b**2 + 33*b + 85. Let j be n(-35). List the prime factors of (0 + (-43)/(-5))*j.
31, 43
Suppose 3*d + 5*g - 15248 = 10806, -2*d - 3*g + 17369 = 0. List the prime factors of d.
19, 457
Let x(g) = 5241*g**2 + 8*g + 19. What are the prime factors of x(-2)?
3, 29, 241
Suppose 3*p - 5*u = 2306, 2*u = 4*p - u - 3082. Suppose 10*m - p = 428. List the prime factors of m.
2, 3, 5
Let s be (5 - 0)*(-1660)/(-25). Let b = -140 + s. Suppose 2*f + b = 4*f. What are the prime factors of f?
2, 3
Suppose -4*d - 17*u + 20*u + 15444 = 0, 4*u = -32. List the prime factors of d.
3, 5, 257
Suppose 37*r = 29010 + 27230. List the prime factors of r.
2, 5, 19
Suppose 4*w + v = 4 + 13, -5*v - 40 = -5*w. Let d(m) = w + 0 - 15 + 122*m. List the prime factors of d(2).
2, 3, 13
Let d(n) = 434*n + 5165. List the prime factors of d(16).
12109
Let k be (-44)/(-10) + (-9)/(-15). Suppose -4*o = -4, 52*o = 4*q + 50*o - 6. List the prime factors of (q - -137) + -6 + k + 2.
2, 5, 7
Let f = -74 + 65. List the prime factors of f/(9/5)*(-2688)/20.
2, 3, 7
Suppose -3*t + 4*b = 3 - 15, -5*t + 20 = -3*b. Let r(o) = -10*o. Let h be r(4). List the prime factors of ((-18)/t)/(5/h).
2, 3
Suppose 0 = -o - 0*j + 2*j + 16, 3*o - j - 23 = 0. List the prime factors of (3/3)/((30/1115)/o).
223
Let q be (14 - -60)*13/4*-2. Let c = q + 538. List the prime factors of c.
3, 19
Let q be (36/30*2)/(2/(-160)). Let s = 362 + q. List the prime factors of s.
2, 5, 17
Let v = -95 + 95. Suppose 8*r + v*r = 5616. What are the prime factors of r?
2, 3, 13
Suppose -v = 5*n - 32736, -21 = -3*n - 9. List the prime factors of v.
2, 8179
Suppose -5*d + 10 = -3*z, 0 = -3*z + 14 + 1. Suppose -5*s + y + 2110 = -1900, -d = y. What are the prime factors of s?
3, 89
Suppose -65 = -g - 74. Let f be g*(-1 - 0)*1. Suppose f*q = 12*q - 30. What are the prime factors of q?
2, 5
Suppose -2*g - 1229 = g - 2*v, 4*g = 3*v - 1640. Let s = -807 - -519. Let x = s - g. List the prime factors of x.
7, 17
Let b(q) = -9*q**3 - q**2 - 3*q + 1. Let o be b(-2). Suppose o + 17 = i. What are the prime factors of